11000?
31323110323
In base 4, what is 21000 + -302122110?
-302101110
In base 9, what is -2604057 + 218?
-2603738
In base 6, what is -5151211424 + 2?
-5151211422
In base 9, what is 273626418 - 3?
273626415
In base 15, what is 8c0894 + 0?
8c0894
In base 9, what is 17555210 + -8?
17555201
In base 4, what is -1011133123 - 30?
-1011133213
In base 7, what is 5 + 4033530534?
4033530542
In base 6, what is -5042421530 + 5?
-5042421521
In base 3, what is 10202121012 + -10011012?
10122110000
In base 16, what is a46 - 191?
8b5
In base 4, what is 30333212232 - -21?
30333212313
In base 9, what is -820 - -33?
-776
In base 13, what is 281 + 4388?
4639
In base 6, what is 101231013 + 11?
101231024
In base 4, what is -2200 - -110013221023?
110013212223
In base 13, what is 6 - -27ba24?
27ba2a
In base 14, what is dc6c - 1c2?
da8a
In base 3, what is -12211 + -102022021010?
-102022110221
In base 12, what is -398130 - 372?
-3984a2
In base 9, what is -585835 + -217?
-586153
In base 9, what is -8078105 - 2?
-8078107
In base 8, what is -1426262 + -30?
-1426312
In base 2, what is -1001011 - 100000010011100100?
-100000010100101111
In base 13, what is 3851c - 391?
3815b
In base 12, what is 1577 + -2906b?
-276b4
In base 10, what is -404 - -263143?
262739
In base 3, what is 1221120010 - 12102?
1221100201
In base 5, what is 101433 + 131?
102114
In base 8, what is -50 + 14626022?
14625752
In base 6, what is -30 + -45403050?
-45403120
In base 4, what is -1021300 + 3031033?
2003133
In base 6, what is -3542014 + 5514?
-3532100
In base 11, what is -673238661 - 4?
-673238665
In base 12, what is 64 - 25a8569?
-25a8505
In base 15, what is -3dee + 99e?
-3450
In base 8, what is -14217 - -22413?
6174
In base 8, what is -775024142 + 5?
-775024135
In base 15, what is -1d + c5c7?
c5a9
In base 12, what is 3 + 4b85630?
4b85633
In base 11, what is -4 + 22630859?
22630855
In base 3, what is -101002110110 + -10212?
-101002121022
In base 7, what is -3 - -443561214?
443561211
In base 13, what is -508 - 9304?
-980c
In base 3, what is -212222211020 - 1121?
-212222212211
In base 9, what is 24 + 16063416?
16063441
In base 11, what is -5319325 - -5?
-5319320
In base 9, what is 2373 - 7447?
-5064
In base 4, what is -2 + 1211102203?
1211102201
In base 5, what is -2043 - 32334303?
-32341401
In base 15, what is 89e40 - -181?
8a0c1
In base 2, what is -100100010111011111 - -10110101?
-100100010100101010
In base 7, what is -515442 - -36255?
-446154
In base 15, what is -1ec - -490c?
4710
In base 6, what is -13 - 34002343?
-34002400
In base 5, what is 314222313041 - -2?
314222313043
In base 8, what is -444044140 + 3?
-444044135
In base 7, what is 3 + -335463501?
-335463465
In base 13, what is 1b9 + 6199?
6385
In base 5, what is 101403000 - 2?
101402443
In base 14, what is -4 - -4684c2?
4684bc
In base 8, what is 2072 + -4707?
-2615
In base 2, what is 10001010001 + 10100000000101?
10110001010110
In base 13, what is -119 - -a12c8?
a11ac
In base 15, what is -3 - 64ac7?
-64aca
In base 15, what is -2 - 1a6e615b?
-1a6e615d
In base 4, what is -1 - -12120220332?
12120220331
In base 3, what is -22 - -10200021120000221?
10200021120000122
In base 13, what is -4 - -536c703?
536c6cc
In base 10, what is 4 - 45213804?
-45213800
In base 2, what is 1000100111 + 101111001001?
110111110000
In base 2, what is 110011110010001000011110 + -100?
110011110010001000011010
In base 3, what is 100 - 1100010011121212?
-1100010011121112
In base 7, what is 42436 + 24463?
100232
In base 2, what is -101 + 111110000110110010000111010?
111110000110110010000110101
In base 2, what is -10000111100011 + 101011110?
-10000010000101
In base 14, what is 188 - 77c2?
-7638
In base 3, what is 1 - 110222111210121?
-110222111210120
In base 16, what is -2 - f60354?
-f60356
In base 6, what is -332441153 + -3?
-332441200
In base 7, what is 0 - -1446154412?
1446154412
In base 12, what is 1a40b - 200?
1a20b
In base 6, what is 23053 + 53405?
120502
In base 4, what is -3 + -122010110111?
-122010110120
In base 7, what is 13 + -100200421?
-100200405
In base 2, what is -10001101111110101100101001101 + 1?
-10001101111110101100101001100
In base 15, what is -3 - -d66254?
d66251
In base 13, what is 129 - -3670?
3799
In base 12, what is 5 + -3740183?
-374017a
In base 12, what is -3339819 - 38?
-3339855
In base 3, what is -1 + 201000121202?
201000121201
In base 5, what is -1204 + 2331023014?
2331021310
In base 14, what is 12 + 4a7926?
4a7938
In base 12, what is -112897 - 133?
-112a0a
In base 16, what is 1de7 + -3a45?
-1c5e
In base 12, what is 14ba26 - -b4?
14bb1a
In base 15, what is -1436 + 185e4?
171ad
In base 7, what is 2 + 262451213?
262451215
In base 7, what is -104422440 - 5?
-104422445
In base 16, what is -2 - 724484?
-724486
In base 12, what is -1970aa5 - -4?
-1970aa1
In base 6, what is 2 + -3252214355?
-3252214353
In base 5, what is -103200420 + 12?
-103200403
In base 12, what is -4a620a - 369?
-4a6577
In base 7, what is 32020 - 1246?
30441
In base 5, what is -33030 + 4220?
-23310
In base 6, what is -35 - 331550215?
-331550254
In base 6, what is 25 + 1551215214?
1551215243
In base 11, what is 3 - -1289064?
1289067
In base 9, what is 43866416 - -26?
43866443
In base 8, what is -45255356 + 20?
-45255336
In base 8, what is 323 - -3525277?
3525622
In base 6, what is 104202031 - -3?
104202034
In base 3, what is -1112021002020 + -12?
-1112021002102
In base 14, what is -49 + 139cdd?
139c94
In base 11, what is -13a + 608407?
608278
In base 6, what is -3152 + 120133?
112541
In base 7, what is 431 - 140622?
-140161
In base 15, what is 2 + -26b8030?
-26b802d
In base 9, what is -82438 + -32?
-82471
In base 10, what is 12 + -352974?
-352962
In base 15, what is -637 - 36c8?
-3d10
In base 10, what is -2092 - -14291?
12199
In base 13, what is a1 + 78418?
784b9
In base 11, what is 43494 - -14690?
58074
In base 9, what is 1 - -7017561?
7017562
In base 13, what is 2b6c3 + 68?
2b75b
In base 16, what is -2 + -7cdb3bf?
-7cdb3c1
In base 10, what is -27 + -5544929?
-5544956
In base 14, what is 10 + 1818b2?
1818c2
In base 3, what is -102110201 - -2102200?
-100001001
In base 14, what is 57 - 61850?
-617d7
In base 4, what is 113212202333 - -321?
113212203320
In base 2, what is 100 + -11101010100101100001010?
-11101010100101100000110
In base 13, what is -57 - -2cc?
275
In base 7, what is -566620142 + -4?
-566620146
In base 13, what is -46 - 92c9aa?
-92ca23
In base 4, what is -1212 + 11331200?
11323322
In base 5, what is 1031213010 + 3114?
1031221124
In base 11, what is 3 - 437536?
-437533
In base 12, what is -4a4612 - -59?
-4a4575
In base 8, what is 2071 + 23344?
25435
In base 3, what is 1021110021202222 - 0?
1021110021202222
In base 11, what is 0 + 572a9815?
572a9815
In base 12, what is -a8 - 34a003?
-34a0ab
In base 13, what is 1 - 566043?
-566042
In base 6, what is -1345 - 304432?
-310221
In base 11, what is 13876 + -678?
131a9
In base 9, what is 102374 + 2737?
105222
In base 9, what is -3364 - 3156?
-6531
In base 14, what is 2d6c + 9a?
3028
In base 16, what is -44 - 119b7?
-119fb
In base 9, what is 34 - -1472385?
1472430
In base 7, what is -3050520 + -2053?
-3052603
In base 15, what is 47dd0a25 + -4?
47dd0a21
In base 14, what is -2 - 2071bd2?
-2071bd4
In base 13, what is -91 + -b1565?
-b1626
In base 15, what is 38a05e - 5?
38a059
In base 5, what is -10 + 12310044130?
12310044120
In base 4, what is 303031333 - 11301?
303020032
In base 9, what is -7 - 2732273?
-2732281
In base 3, what is -201202111 + -101011220?
-1002221101
In base 15, what is -1e17 + 23a5?
48d
In base 16, what is -459 + -cdfcb?
-ce424
In base 14, what is 60 - 16027?
-15da7
In base 12, what is -3a60831 + -1?
-3a60832
In base 7, what is -1610245210 - -5?
-1610245202
In base 5, what is -2333202 - -1000?
-2332202
In base 16, what is 11efc + -20c?
11cf0
In base 15, what is -1 - -796784?
796783
In base 15, what is -4 + 11e35d2?
11e35cd
In base 2, what is 101010 + -1001101111110110101100?
-1001101111110110000010
In base 13, what is 39291 + -12a3?
37cbb
In base 10, what is 16521 - -56?
16577
In base 13, what is -26b475c + 0?
-26b475c
In base 5, what is 2112041 + -223?
2111313
In base 8, what is -104 + -20041036?
-20041142
In base 2, what is -1110001011011001101111011111 - 0?
-1110001011011001101111011111
In base 11, what is 1592